by 172.
11
What is the remainder when 1978 is divided by 198?
196
What is the remainder when 433 is divided by 4?
1
Calculate the remainder when 112 is divided by 19.
17
Calculate the remainder when 116 is divided by 52.
12
What is the remainder when 10244 is divided by 168?
164
Calculate the remainder when 74 is divided by 38.
36
Calculate the remainder when 4605 is divided by 766.
9
What is the remainder when 581 is divided by 179?
44
What is the remainder when 1011 is divided by 29?
25
What is the remainder when 148 is divided by 22?
16
Calculate the remainder when 100 is divided by 20.
0
What is the remainder when 159 is divided by 48?
15
Calculate the remainder when 4332 is divided by 436.
408
What is the remainder when 236 is divided by 25?
11
What is the remainder when 550 is divided by 171?
37
Calculate the remainder when 645 is divided by 9.
6
Calculate the remainder when 170 is divided by 41.
6
Calculate the remainder when 1227 is divided by 1220.
7
Calculate the remainder when 1206 is divided by 4.
2
What is the remainder when 452 is divided by 91?
88
Calculate the remainder when 35 is divided by 14.
7
Calculate the remainder when 856 is divided by 47.
10
What is the remainder when 120 is divided by 94?
26
What is the remainder when 157 is divided by 41?
34
Calculate the remainder when 329 is divided by 21.
14
What is the remainder when 347 is divided by 29?
28
What is the remainder when 87 is divided by 18?
15
Calculate the remainder when 115 is divided by 44.
27
What is the remainder when 200 is divided by 50?
0
What is the remainder when 37 is divided by 16?
5
What is the remainder when 238 is divided by 24?
22
Calculate the remainder when 28 is divided by 17.
11
Calculate the remainder when 221 is divided by 44.
1
What is the remainder when 318 is divided by 64?
62
What is the remainder when 43 is divided by 6?
1
Calculate the remainder when 114 is divided by 13.
10
What is the remainder when 9701 is divided by 22?
21
What is the remainder when 207 is divided by 11?
9
What is the remainder when 120 is divided by 44?
32
Calculate the remainder when 310 is divided by 164.
146
What is the remainder when 192 is divided by 68?
56
Calculate the remainder when 63 is divided by 46.
17
Calculate the remainder when 193 is divided by 56.
25
Calculate the remainder when 34 is divided by 5.
4
What is the remainder when 983 is divided by 34?
31
What is the remainder when 5390 is divided by 29?
25
What is the remainder when 1984 is divided by 17?
12
What is the remainder when 296 is divided by 152?
144
Calculate the remainder when 1726 is divided by 108.
106
Calculate the remainder when 155 is divided by 85.
70
What is the remainder when 2012 is divided by 48?
44
Calculate the remainder when 144 is divided by 66.
12
Calculate the remainder when 357 is divided by 40.
37
What is the remainder when 2972 is divided by 24?
20
Calculate the remainder when 291 is divided by 23.
15
What is the remainder when 1561 is divided by 57?
22
Calculate the remainder when 12603 is divided by 22.
19
Calculate the remainder when 364 is divided by 53.
46
Calculate the remainder when 132 is divided by 46.
40
What is the remainder when 1661 is divided by 16?
13
Calculate the remainder when 8278 is divided by 92.
90
Calculate the remainder when 184 is divided by 47.
43
What is the remainder when 105 is divided by 16?
9
Calculate the remainder when 67 is divided by 24.
19
What is the remainder when 1072 is divided by 133?
8
Calculate the remainder when 1073 is divided by 154.
149
Calculate the remainder when 1715 is divided by 13.
12
What is the remainder when 150 is divided by 29?
5
Calculate the remainder when 553 is divided by 8.
1
Calculate the remainder when 795 is divided by 24.
3
What is the remainder when 1834 is divided by 6?
4
Calculate the remainder when 59519 is divided by 64.
63
Calculate the remainder when 1868 is divided by 1859.
9
Calculate the remainder when 76 is divided by 69.
7
Calculate the remainder when 76 is divided by 41.
35
Calculate the remainder when 9807 is divided by 109.
106
What is the remainder when 118 is divided by 40?
38
What is the remainder when 252 is divided by 87?
78
What is the remainder when 1933 is divided by 17?
12
What is the remainder when 404 is divided by 69?
59
What is the remainder when 1970 is divided by 7?
3
Calculate the remainder when 657 is divided by 37.
28
What is the remainder when 105 is divided by 55?
50
Calculate the remainder when 1099 is divided by 55.
54
What is the remainder when 277 is divided by 56?
53
Calculate the remainder when 483 is divided by 164.
155
What is the remainder when 150 is divided by 50?
0
What is the remainder when 407 is divided by 164?
79
What is the remainder when 559 is divided by 10?
9
Calculate the remainder when 279 is divided by 142.
137
Calculate the remainder when 497 is divided by 102.
89
Calculate the remainder when 414 is divided by 14.
8
Calculate the remainder when 1053 is divided by 48.
45
Calculate the remainder when 1108 is divided by 30.
28
Calculate the remainder when 623 is divided by 18.
11
What is the remainder when 495 is divided by 160?
15
What is the remainder when 1199 is divided by 80?
79
Calculate the remainder when 207 is divided by 19.
17
Calculate the remainder when 113 is divided by 7.
1
What is the remainder when 254 is divided by 123?
8
What is the remainder when 158 is divided by 23?
20
Calculate the remainder when 1483 is divided by 45.
43
Calculate the remainder when 955 is divided by 310.
25
What is the remainder when 433 is divided by 103?
21
What is the remainder when 398 is divided by 94?
22
Calculate the remainder when 2301 is divided by 48.
45
Calculate the remainder when 1803 is divided by 26.
9
Calculate the remainder when 245 is divided by 66.
47
What is the remainder when 680 is divided by 43?
35
Calculate the remainder when 638 is divided by 172.
122
What is the remainder when 517 is divided by 74?
73
What is the remainder when 36 is divided by 23?
13
Calculate the remainder when 42 is divided by 17.
8
Calculate the remainder when 312 is divided by 45.
42
Calculate the remainder when 50 is divided by 33.
17
What is the remainder when 1442 is divided by 38?
36
Calculate the remainder when 75 is divided by 40.
35
What is the remainder when 442 is divided by 37?
35
Calculate the remainder when 524 is divided by 35.
34
Calculate the remainder when 7967 is divided by 249.
248
What is the remainder when 4473 is divided by 558?
9
Calculate the remainder when 112 is divided by 23.
20
What is the remainder when 4416 is divided by 201?
195
Calculate the remainder when 334 is divided by 9.
1
What is the remainder when 226 is divided by 12?
10
What is the remainder when 334 is divided by 107?
13
What is the remainder when 1916 is divided by 55?
46
Calculate the remainder when 284 is divided by 128.
28
What is the remainder when 767 is divided by 12?
11
Calculate the remainder when 62 is divided by 35.
27
What is the remainder when 717 is divided by 15?
12
What is the remainder when 269 is divided by 18?
17
What is the remainder when 225 is divided by 116?
109
Calculate the remainder when 63 is divided by 14.
7
Calculate the remainder when 4 is divided by 2.
0
Calculate the remainder when 582 is divided by 274.
34
Calculate the remainder when 980 is divided by 43.
34
Calculate the remainder when 60 is divided by 24.
12
What is the remainder when 138 is divided by 36?
30
Calculate the remainder when 1030 is divided by 37.
31
What is the remainder when 1271 is divided by 43?
24
What is the remainder when 2154 is divided by 166?
162
Calculate the remainder when 1325 is divided by 51.
50
Calculate the remainder when 231 is divided by 8.
7
What is the remainder when 4101 is divided by 57?
54
What is the remainder when 72 is divided by 21?
9
Calculate the remainder when 3091 is divided by 119.
116
What is the remainder when 764 is divided by 85?
84
Calculate the remainder when 439 is divided by 32.
23
Calculate the remainder when 36 is divided by 21.
15
Calculate the remainder when 2973 is divided by 495.
3
Calculate the remainder when 170 is divided by 41.
6
Calculate the remainder when 124 is divided by 18.
16
Calculate the remainder when 2410 is